rime factors of 681447?
3, 13, 101, 173
List the prime factors of 2935819.
139, 21121
List the prime factors of 91959.
3, 7, 29, 151
List the prime factors of 70495.
5, 23, 613
What are the prime factors of 45007?
45007
What are the prime factors of 31121?
31121
List the prime factors of 170449.
19, 8971
List the prime factors of 527883.
3, 175961
List the prime factors of 73339.
7, 10477
List the prime factors of 2638599.
3, 879533
What are the prime factors of 9849124?
2, 2462281
List the prime factors of 1485376.
2, 23209
What are the prime factors of 6595982?
2, 151, 21841
List the prime factors of 124630.
2, 5, 11, 103
What are the prime factors of 4237532?
2, 13, 19, 4289
List the prime factors of 2423135.
5, 11, 13, 3389
List the prime factors of 8930886.
2, 3, 1488481
What are the prime factors of 19239191?
19, 211, 4799
List the prime factors of 743845.
5, 31, 4799
What are the prime factors of 451866?
2, 3, 127, 593
List the prime factors of 643644.
2, 3, 19, 941
What are the prime factors of 5686282?
2, 7, 19, 21377
What are the prime factors of 515165?
5, 7, 41, 359
List the prime factors of 18275038.
2, 113, 80863
List the prime factors of 447804.
2, 3, 7, 1777
What are the prime factors of 6064359?
3, 7, 17, 16987
What are the prime factors of 109633?
17, 6449
List the prime factors of 11264.
2, 11
List the prime factors of 5904087.
3, 7, 263, 1069
What are the prime factors of 12981192?
2, 3, 7, 77269
What are the prime factors of 104120?
2, 5, 19, 137
List the prime factors of 6008252.
2, 1502063
List the prime factors of 507881.
11, 46171
What are the prime factors of 30529?
30529
List the prime factors of 594791.
79, 7529
List the prime factors of 158758.
2, 79379
What are the prime factors of 10053229?
10053229
What are the prime factors of 1971924?
2, 3, 101, 1627
List the prime factors of 254156.
2, 7, 29, 313
List the prime factors of 15916540.
2, 5, 795827
List the prime factors of 18323245.
5, 3664649
List the prime factors of 214344.
2, 3, 13, 229
What are the prime factors of 2203388?
2, 11, 50077
List the prime factors of 24205.
5, 47, 103
List the prime factors of 229159.
7, 19, 1723
What are the prime factors of 13422792?
2, 3, 17, 167, 197
List the prime factors of 125574.
2, 3, 20929
What are the prime factors of 10860537?
3, 421, 8599
What are the prime factors of 9560562?
2, 3, 11, 17, 8521
List the prime factors of 196843.
17, 11579
List the prime factors of 1088655.
3, 5, 72577
What are the prime factors of 642263?
29, 22147
List the prime factors of 315400.
2, 5, 19, 83
What are the prime factors of 20388991?
7, 293, 9941
List the prime factors of 65663.
13, 5051
List the prime factors of 10799830.
2, 5, 1079983
What are the prime factors of 1314925?
5, 149, 353
What are the prime factors of 229635?
3, 5, 7
What are the prime factors of 861840?
2, 3, 5, 7, 19
List the prime factors of 256224.
2, 3, 17, 157
List the prime factors of 3963214.
2, 1981607
What are the prime factors of 2853404?
2, 713351
List the prime factors of 14762335.
5, 7, 19, 79, 281
List the prime factors of 4290005.
5, 858001
What are the prime factors of 2354109?
3, 17, 31, 1489
List the prime factors of 10629896.
2, 17, 47, 1663
What are the prime factors of 2753740?
2, 5, 11, 12517
List the prime factors of 193845.
3, 5, 12923
List the prime factors of 70186.
2, 19, 1847
List the prime factors of 61994.
2, 139, 223
What are the prime factors of 105623?
7, 79, 191
List the prime factors of 192460.
2, 5, 9623
What are the prime factors of 579343?
17, 53, 643
List the prime factors of 1638263.
11, 148933
List the prime factors of 431610.
2, 3, 5, 14387
What are the prime factors of 2282129?
23, 99223
What are the prime factors of 8967908?
2, 17, 43, 3067
What are the prime factors of 695741?
47, 113, 131
What are the prime factors of 5372454?
2, 3, 337, 2657
What are the prime factors of 397427?
397427
List the prime factors of 8420.
2, 5, 421
List the prime factors of 938372.
2, 19, 12347
List the prime factors of 1504998.
2, 3, 11, 691
What are the prime factors of 225710?
2, 5, 22571
List the prime factors of 131215.
5, 7, 23, 163
What are the prime factors of 759571?
759571
What are the prime factors of 1973805?
3, 5, 181, 727
List the prime factors of 118989.
3, 13, 113
List the prime factors of 532520.
2, 5, 13313
What are the prime factors of 523072?
2, 11, 743
What are the prime factors of 126400?
2, 5, 79
List the prime factors of 4691928.
2, 3, 195497
What are the prime factors of 802716?
2, 3, 151, 443
What are the prime factors of 5399256?
2, 3, 224969
List the prime factors of 6152527.
6152527
What are the prime factors of 694174?
2, 13, 26699
What are the prime factors of 3367688?
2, 61, 67, 103
What are the prime factors of 3500519?
11, 318229
What are the prime factors of 1083051?
3, 4457
List the prime factors of 9748149.
3, 739, 4397
List the prime factors of 623326.
2, 11, 29, 977
What are the prime factors of 1573072?
2, 98317
List the prime factors of 303472.
2, 13, 1459
List the prime factors of 80641.
11, 7331
What are the prime factors of 253916?
2, 13, 19, 257
List the prime factors of 13630460.
2, 5, 681523
What are the prime factors of 31389?
3, 10463
What are the prime factors of 122257?
179, 683
What are the prime factors of 123006?
2, 3, 13, 19, 83
List the prime factors of 14456451.
3, 61, 197, 401
List the prime factors of 2707341.
3, 7, 13, 47, 211
List the prime factors of 176583.
3, 11, 5351
What are the prime factors of 379967?
7, 17, 31, 103
What are the prime factors of 406633?
406633
List the prime factors of 173352.
2, 3, 31, 233
What are the prime factors of 703930?
2, 5, 70393
What are the prime factors of 1279311?
3, 11, 38767
List the prime factors of 2340459.
3, 11, 47, 503
What are the prime factors of 8493160?
2, 5, 13, 16333
What are the prime factors of 110212?
2, 59, 467
List the prime factors of 19102.
2, 9551
List the prime factors of 493199.
7, 70457
What are the prime factors of 207832?
2, 83, 313
List the prime factors of 568125.
3, 5, 101
What are the prime factors of 86713?
11, 7883
What are the prime factors of 5473440?
2, 3, 5, 7, 181
List the prime factors of 2540518.
2, 163, 7793
List the prime factors of 7329298.
2, 3664649
List the prime factors of 429465.
3, 5, 28631
List the prime factors of 286092.
2, 3, 883
List the prime factors of 174051.
3, 83, 233
What are the prime factors of 596310?
2, 3, 5, 11, 13, 139
What are the prime factors of 7717624?
2, 964703
What are the prime factors of 17753?
41, 433
List the prime factors of 5957310.
2, 3, 5, 17, 11681
What are the prime factors of 5684347?
37, 67, 2293
List the prime factors of 476563.
31, 15373
List the prime factors of 20313157.
43, 472399
List the prime factors of 11493972.
2, 3, 7, 17, 2683
What are the prime factors of 695370?
2, 3, 5, 13, 1783
List the prime factors of 3056512.
2, 23879
What are the prime factors of 2947961?
1511, 1951
What are the prime factors of 1938158?
2, 71, 13649
List the prime factors of 306885.
3, 5, 41, 499
What are the prime factors of 4873832?
2, 17, 35837
List the prime factors of 878262.
2, 3, 7, 11, 1901
What are the prime factors of 3958046?
2, 61, 32443
What are the prime factors of 8679?
3, 11, 263
What are the prime factors of 93077?
93077
What are the prime factors of 353678?
2, 13, 61, 223
What are the prime factors of 348118?
2, 19, 9161
What are the prime factors of 2304498?
2, 3, 7, 54869
What are the prime factors of 3173838?
2, 3, 528973
What are the prime factors of 13552091?
7, 491, 3943
What are the prime factors of 173948?
2, 43487
What are the prime factors of 2418792?
2, 3, 97, 1039
List the prime factors of 103565.
5, 7, 11, 269
List the prime factors of 288286.
2, 17, 61, 139
List the prime factors of 991853.
811, 1223
List the prime factors of 281074.
2, 313, 449
What are the prime factors of 585691?
585691
List the prime factors of 343085.
5, 59, 1163
What are the prime factors of 2347912?
2, 7, 41927
What are the prime factors of 1146445?
5, 37, 6197
What are the prime factors of 11482?
2, 5741
List the prime factors of 10696974.
2, 3, 1782829
List the prime factors of 6815600.
2, 5, 11, 1549
List the prime factors of 2133021.
3, 11, 109, 593
What are the